5003
In base 9, what is 128 - 670084?
-668855
In base 4, what is 1202021032032 + -1012?
1202021031020
In base 4, what is 11311 + -11021122?
-11003211
In base 9, what is 225037 - -170?
225217
In base 10, what is -105 - 21331?
-21436
In base 8, what is 250652 - 264?
250366
In base 16, what is -3 + 30bde5?
30bde2
In base 11, what is a79a + -42a1?
64a9
In base 9, what is -741 + 8168?
7327
In base 16, what is 708c47 - 3?
708c44
In base 16, what is 475d8a - 3b?
475d4f
In base 15, what is -3 + -31ab912?
-31ab915
In base 15, what is -182c772 - -56?
-182c71b
In base 16, what is 17 - af2f7?
-af2e0
In base 9, what is 1 - 48876248?
-48876247
In base 10, what is 1 + -13410950?
-13410949
In base 14, what is 0 + 1b4cd22?
1b4cd22
In base 10, what is -70002476 - 4?
-70002480
In base 4, what is -3123100001010 - 10?
-3123100001020
In base 16, what is -5 + 1720c?
17207
In base 3, what is 1021 + -122001021222112?
-122001021221021
In base 9, what is 17 + -17182116?
-17182088
In base 6, what is -204322155 - 34?
-204322233
In base 2, what is 110000100 + -101111011001111?
-101110101001011
In base 5, what is 2 - 33021302124?
-33021302122
In base 13, what is 811140 + -2a7?
810b66
In base 2, what is -1001010110011110001110 - -11011101?
-1001010110011010110001
In base 8, what is -16 + -163102114?
-163102132
In base 3, what is -211220 - -112020221?
111102001
In base 11, what is 9a86969 + -5?
9a86964
In base 12, what is -15 + -137965?
-13797a
In base 8, what is 234 + 2336?
2572
In base 14, what is -ba - 291330?
-29140a
In base 2, what is -10 - -1111011000111001001100011?
1111011000111001001100001
In base 16, what is -472 - -2de?
-194
In base 2, what is -10000000111100101 + -101011010000?
-10000110010110101
In base 5, what is 31042022032 - 2?
31042022030
In base 15, what is 99c4594 - -1?
99c4595
In base 6, what is -1534 + 342153?
340215
In base 3, what is 2121 - -1222211222?
1222221120
In base 2, what is 10 + 110000110100111010010?
110000110100111010100
In base 8, what is -12 - 5134376?
-5134410
In base 12, what is 88a056 + 2?
88a058
In base 7, what is 61 + -21224110?
-21224016
In base 13, what is -226 + -228ab?
-22b04
In base 2, what is -1011 + -11101100000111010011101010?
-11101100000111010011110101
In base 16, what is 1bbb + -38?
1b83
In base 6, what is 205012 + 313350?
522402
In base 2, what is 1000011100011100001101110 + 1?
1000011100011100001101111
In base 2, what is -11001001 + 1101111110110?
1101100101101
In base 14, what is 4 - 1c4ddd1?
-1c4ddcb
In base 4, what is -11 + 1131231123222?
1131231123211
In base 4, what is 312 - 13303011?
-13302033
In base 13, what is 14197 + 2140?
16307
In base 2, what is -11011011100011 + 100001001011010?
101101110111
In base 16, what is 1ff3cef - 5?
1ff3cea
In base 3, what is -100000002111211 - -2?
-100000002111202
In base 4, what is 100 - -2021210123301?
2021210130001
In base 13, what is 4 + 3770b22?
3770b26
In base 10, what is -35 + 31900844?
31900809
In base 4, what is -10101210310 - -202?
-10101210102
In base 9, what is 40475254 - 3?
40475251
In base 13, what is 771 - 47a3?
-4032
In base 3, what is -20011211022011 + -1222?
-20011211101010
In base 6, what is 15334122342 - -1?
15334122343
In base 6, what is 515 - -3453402?
3454321
In base 13, what is 275 - -1c718?
1c990
In base 13, what is -11 + -28b766c?
-28b7680
In base 12, what is -20564 + -66?
-2060a
In base 3, what is -11 - 101100022201012100?
-101100022201012111
In base 6, what is 41515 - -4223?
50142
In base 12, what is 2220 - -38a5?
5b05
In base 8, what is 42275006 + 6?
42275014
In base 5, what is -1 - 24242443?
-24242444
In base 11, what is -7074 - a970?
-16a34
In base 9, what is 2 - -237885615?
237885617
In base 6, what is 1030035 + -453?
1025142
In base 9, what is -41 + -6277082?
-6277133
In base 3, what is -1102012210112121 + -10?
-1102012210112201
In base 9, what is 825728717 + -4?
825728713
In base 9, what is 0 - -131236883?
131236883
In base 10, what is 0 + 29394298?
29394298
In base 9, what is -1461351 + 5?
-1461345
In base 8, what is 1432375 - -244?
1432641
In base 3, what is 10210 + 1111122011000?
1111122021210
In base 3, what is 10020 + 10200101210?
10200112000
In base 4, what is 3 - 113023101313?
-113023101310
In base 14, what is 3 + 1a9a443?
1a9a446
In base 12, what is -1 - 63ab417?
-63ab418
In base 12, what is b337b + 5?
b3384
In base 16, what is d4 - -87e97?
87f6b
In base 15, what is -9b + 1b9815?
1b9769
In base 4, what is 130 + -223302021?
-223301231
In base 4, what is -20020013321 + 2?
-20020013313
In base 16, what is -9 + -6638fc?
-663905
In base 9, what is 33 + -51664625?
-51664582
In base 10, what is 1004 - 71?
933
In base 9, what is 6233 + -1107?
5125
In base 13, what is -4 + -2a9164a?
-2a91651
In base 16, what is 5687 + -d2?
55b5
In base 3, what is -20022112221 - -210212?
-20021202002
In base 8, what is -14 + 46741?
46725
In base 12, what is 3 - -4101b49?
4101b50
In base 15, what is 0 - -114ab2?
114ab2
In base 9, what is -125822 - -426?
-125385
In base 8, what is -1634505 + -21?
-1634526
In base 7, what is 21612166 - -153?
21612352
In base 13, what is -545ba3 - 33?
-545c06
In base 15, what is -caace5c - 3?
-caace60
In base 16, what is -6bf760 + -13?
-6bf773
In base 10, what is 2 - 9463071?
-9463069
In base 12, what is -6165 - -184?
-5ba1
In base 7, what is -3302142 - 40?
-3302212
In base 15, what is 297 - -a6da?
a982
In base 9, what is -33 + -6856271?
-6856314
In base 2, what is 1100001 + 110010100111010?
110010110011011
In base 3, what is 11101110100221112 + 20?
11101110100221202
In base 13, what is 745 + 1543?
1c88
In base 14, what is -574724 - -13?
-574711
In base 13, what is 2 + -3b97cc?
-3b97ca
In base 3, what is 201011200120011 + 10?
201011200120021
In base 7, what is 540516 + 240?
541056
In base 14, what is -4503b - 398?
-453d5
In base 9, what is 145363 + -80?
145273
In base 4, what is 223003 - 111030?
111313
In base 11, what is 333871 - -18?
333889
In base 11, what is 44 + -700a3?
-7005a
In base 13, what is 48b4 + 18?
48cc
In base 2, what is 1101001011 - -1010011011000000000?
1010011100101001011
In base 15, what is 241 + 3e2e?
4170
In base 2, what is -1100 + -100101010110111010011111?
-100101010110111010101011
In base 5, what is 10 - -14213313343?
14213313403
In base 16, what is -2db25d + 60?
-2db1fd
In base 6, what is -114 + -1200410?
-1200524
In base 14, what is -2dd52 + -99?
-3000b
In base 6, what is -15230425 - 11?
-15230440
In base 13, what is -446 - -1c1348?
1c0c02
In base 14, what is -9 + -a20d5?
-a2100
In base 2, what is -101 + 11111100110110111000?
11111100110110110011
In base 10, what is -3120966 - -7?
-3120959
In base 10, what is 1 - -14524364?
14524365
In base 4, what is -2031200130 - -1123?
-2031133001
In base 8, what is 5 - 102004600?
-102004573
In base 10, what is -169468334 + 2?
-169468332
In base 11, what is -128 + -18438a9?
-1843a26
In base 3, what is -1 + -10200121001111201?
-10200121001111202
In base 9, what is -117 - 1073424?
-1073542
In base 12, what is 2443 + -29607?
-27184
In base 4, what is -203030 - -21202120?
20333030
In base 4, what is -2 + -3330011010310?
-3330011010312
In base 7, what is -2002 + 33213?
31211
In base 11, what is 11 - 485a88?
-485a77
In base 16, what is f + 1982?
1991
In base 3, what is -12000 - 11100000210111?
-11100000222111
In base 8, what is 0 + 6347500?
6347500
In base 9, what is 5041 - 11683?
-5642
In base 6, what is 1543525542 - -110?
1543530052
In base 15, what is -25943 + -a?
-2594d
In base 6, what is 432122150154 - 0?
432122150154
In base 13, what is 5 - 26813087?
-26813082
In base 13, what is -7502 - 3ac?
-78b1
In base 3, what is 1201000 + 111111122?
120012122
In base 5, what is -2102204040 - 10?
-2102204100
In base 4, what is -300312 + 20121?
-220131
In base 6, what is 2252001 - 104?
2251453
In base 13, what is 334 + 2691?
29c5
In base 8, what is -41226 + -151?
-41377
In base 14, what is 53d608 + -2?
53d606
In base 14, what is 13 + 31815a1?
31815b4
In base 11, what is -4a + 7a089?
7a03a
In base 10, what is 11193 - 340?
10853
In base 14, what is -62cad6 + 16?
-62cac0
In base 15, what is c1 + 43a3?
4474
In base 7, what is -352544 + -4040?
-356614
In base 12, what is -1b22247 + 12?
-1b22235
In base 11, what is 275a422 - 5a?
275a373
In base 2, what is 1000010 - -1001001101110101110?
100100